{"id":6990,"date":"2026-02-14T07:58:35","date_gmt":"2026-02-14T05:58:35","guid":{"rendered":"https:\/\/www.doreen-gehrke-verlag.de\/?page_id=6990"},"modified":"2026-03-03T07:52:58","modified_gmt":"2026-03-03T05:52:58","slug":"endstation-nirgendwo","status":"publish","type":"page","link":"https:\/\/www.doreen-gehrke-verlag.de\/?page_id=6990","title":{"rendered":"Endstation Nirgendwo"},"content":{"rendered":"<p>[et_pb_section fb_built=&#8220;1&#8243; _builder_version=&#8220;4.8.2&#8243; _module_preset=&#8220;default&#8220;][et_pb_row column_structure=&#8220;1_2,1_2&#8243; _builder_version=&#8220;4.8.2&#8243; _module_preset=&#8220;default&#8220;][et_pb_column type=&#8220;1_2&#8243; _builder_version=&#8220;4.8.2&#8243; _module_preset=&#8220;default&#8220;][et_pb_text _builder_version=&#8220;4.8.2&#8243; _module_preset=&#8220;default&#8220; hover_enabled=&#8220;0&#8243; sticky_enabled=&#8220;0&#8243;]<\/p>\n<h4 style=\"text-align: right;\"><\/h4>\n<h4 style=\"text-align: right;\"><\/h4>\n<h4 style=\"text-align: right;\"><\/h4>\n<h4 style=\"text-align: right;\"><\/h4>\n<h4 style=\"text-align: right;\"><\/h4>\n<p>&nbsp;<\/p>\n<p>&nbsp;<\/p>\n<h4 style=\"text-align: right;\"><strong>Endstation Nirgendwo<\/strong><\/h4>\n<p style=\"text-align: right;\">Eine Kurzgeschichte<\/p>\n<p style=\"text-align: right;\">EPub 978-3-9827390-1-4<\/p>\n<p style=\"text-align: right;\">Handel via Tolino GmbH<\/p>\n<p style=\"text-align: right;\">z.B. Kaufen bei <a href=\"https:\/\/www.amazon.de\/dp\/B0GPZ51NRL\" target=\"_blank\" rel=\"noopener noreferrer\"><strong>Amazon<\/strong><\/a><\/p>\n<p style=\"text-align: right;\"><strong><a href=\"https:\/\/www.hugendubel.de\/de\/ebook_epub\/doreen_gehrke-endstation_nirgendwo-52648151-produkt-details.html\" target=\"_blank\" rel=\"noopener noreferrer\">Hugendubel.de<\/a><\/strong><\/p>\n<p style=\"text-align: right;\"><strong><a href=\"https:\/\/www.thalia.de\/shop\/home\/artikeldetails\/A1078376870\" target=\"_blank\" rel=\"noopener noreferrer\">Thalia.de<\/a><\/strong><\/p>\n<p style=\"text-align: right;\"><strong><\/strong><\/p>\n<p style=\"text-align: right;\"><a href=\"https:\/\/www.doreen-gehrke-verlag.de\/?page_id=7052\"><strong><\/strong><span style=\"text-decoration: underline;\">Downloadbereich Rezensionsexemplar<\/span><\/a><\/p>\n<p>[\/et_pb_text][\/et_pb_column][et_pb_column type=&#8220;1_2&#8243; _builder_version=&#8220;4.8.2&#8243; _module_preset=&#8220;default&#8220;][et_pb_image src=&#8220;https:\/\/www.doreen-gehrke-verlag.de\/wp-content\/uploads\/2026\/02\/EBookEndstationNirgendwoCover.png&#8220; title_text=&#8220;EBookEndstationNirgendwoCover&#8220; _builder_version=&#8220;4.8.2&#8243; _module_preset=&#8220;default&#8220;][\/et_pb_image][\/et_pb_column][\/et_pb_row][et_pb_row _builder_version=&#8220;4.8.2&#8243; _module_preset=&#8220;default&#8220;][et_pb_column type=&#8220;4_4&#8243; _builder_version=&#8220;4.8.2&#8243; _module_preset=&#8220;default&#8220;][et_pb_text _builder_version=&#8220;4.8.2&#8243; _module_preset=&#8220;default&#8220;]<\/p>\n<h3><strong>Endstation Nirgendwo \u2013 Eine Kurzgeschichte \u00fcber Stillstand und Aufbruch<\/strong><\/h3>\n<p><strong><\/strong><\/p>\n<p>Alex war immer der, der Probleme l\u00f6ste.<br \/> Der Werkzeugkasten f\u00fcr jede Reparatur.<\/p>\n<p>Heute sitzt er in einem Zug nach Sassnitz und beobachtet die Menschen um sich herum. Smartphones, Beschwerden, Gleichg\u00fcltigkeit.<\/p>\n<p>Eine winterliche Hafenstadt.<br \/> Eine lange Mole.<br \/> Und ein Gedanke, der nicht mehr aus seinem Kopf will.<\/p>\n<p><em>Endstation Nirgendwo<\/em> ist eine atmosph\u00e4risch dichte Kurzgeschichte \u00fcber Ersch\u00f6pfung, Selbstzweifel und den schmalen Grat zwischen Aufgeben und Weitergehen.<\/p>\n<p>Manchmal entscheidet sich alles in einem einzigen Moment.<\/p>\n<p><strong><\/strong><\/p>\n<p><strong>F\u00fcr welche Leser ist diese Kurzgeschichte?<\/strong><\/p>\n<p>Diese Geschichte ist besonders geeignet f\u00fcr:<\/p>\n<ul>\n<li>Leser psychologischer Kurzgeschichten<\/li>\n<li>Menschen, die sich f\u00fcr Themen wie Burn-out, Sinnsuche und Selbstwert interessieren<\/li>\n<li>Fans stiller, atmosph\u00e4rischer Literatur<\/li>\n<li>Leser moderner Gegenwartsliteratur<\/li>\n<li>Menschen, die Geschichten mit offenem, aber bedeutungsvollem Ende sch\u00e4tzen<\/li>\n<li>Berufst\u00e4tige, die sich im Leistungsdruck unserer Gesellschaft wiederfinden<\/li>\n<\/ul>\n<ul>\n<li>Menschen, die leise existenzielle Literatur m\u00f6gen<\/li>\n<li>Leser, die keine Action, sondern innere Spannung suchen<\/li>\n<\/ul>\n<p>[\/et_pb_text][\/et_pb_column][\/et_pb_row][et_pb_row column_structure=&#8220;1_2,1_2&#8243; _builder_version=&#8220;4.8.2&#8243; _module_preset=&#8220;default&#8220;][et_pb_column type=&#8220;1_2&#8243; _builder_version=&#8220;4.8.2&#8243; _module_preset=&#8220;default&#8220;][et_pb_text _builder_version=&#8220;4.8.2&#8243; _module_preset=&#8220;default&#8220; custom_padding=&#8220;55px|||||&#8220;]<\/p>\n<h1><strong><\/strong><\/h1>\n<h1><strong><\/strong><\/h1>\n<h1><strong><\/strong><\/h1>\n<h1><strong><\/strong><\/h1>\n<h1><strong><\/strong><\/h1>\n<h1><strong>Cover \/ Back Cover<\/strong><\/h1>\n<p>Die Illustrationen wurden mittels KI (auf Basis meiner vorgegebenen Beschreibungen) erstellt und nach der Erstellung von mir in einem Bildbearbeitungsprogramm \u00fcberarbeitet.<\/p>\n<p>[\/et_pb_text][\/et_pb_column][et_pb_column type=&#8220;1_2&#8243; _builder_version=&#8220;4.8.2&#8243; _module_preset=&#8220;default&#8220;][et_pb_image src=&#8220;https:\/\/www.doreen-gehrke-verlag.de\/wp-content\/uploads\/2026\/02\/EBookEndstationNirgendwoBackCover.png&#8220; title_text=&#8220;EBookEndstationNirgendwoBackCover&#8220; _builder_version=&#8220;4.8.2&#8243; _module_preset=&#8220;default&#8220;][\/et_pb_image][\/et_pb_column][\/et_pb_row][et_pb_row _builder_version=&#8220;4.8.2&#8243; _module_preset=&#8220;default&#8220;][et_pb_column type=&#8220;4_4&#8243; _builder_version=&#8220;4.8.2&#8243; _module_preset=&#8220;default&#8220;][et_pb_button button_url=&#8220;https:\/\/www.doreen-gehrke-verlag.de\/?page_id=2&#8243; button_text=&#8220;Zur\u00fcck&#8220; _builder_version=&#8220;4.8.2&#8243; _module_preset=&#8220;default&#8220; box_shadow_style=&#8220;preset6&#8243;][\/et_pb_button][\/et_pb_column][\/et_pb_row][\/et_pb_section]<\/p>\n","protected":false},"excerpt":{"rendered":"<p>[et_pb_section fb_built=&#8220;1&#8243; _builder_version=&#8220;4.8.2&#8243; _module_preset=&#8220;default&#8220;][et_pb_row column_structure=&#8220;1_2,1_2&#8243; _builder_version=&#8220;4.8.2&#8243; _module_preset=&#8220;default&#8220;][et_pb_column type=&#8220;1_2&#8243; _builder_version=&#8220;4.8.2&#8243; _module_preset=&#8220;default&#8220;][et_pb_text _builder_version=&#8220;4.8.2&#8243; _module_preset=&#8220;default&#8220; hover_enabled=&#8220;0&#8243; sticky_enabled=&#8220;0&#8243;] &nbsp; &nbsp; Endstation Nirgendwo Eine Kurzgeschichte EPub 978-3-9827390-1-4 Handel via Tolino GmbH z.B. Kaufen bei Amazon Hugendubel.de Thalia.de Downloadbereich Rezensionsexemplar [\/et_pb_text][\/et_pb_column][et_pb_column type=&#8220;1_2&#8243; _builder_version=&#8220;4.8.2&#8243; _module_preset=&#8220;default&#8220;][et_pb_image src=&#8220;https:\/\/www.doreen-gehrke-verlag.de\/wp-content\/uploads\/2026\/02\/EBookEndstationNirgendwoCover.png&#8220; title_text=&#8220;EBookEndstationNirgendwoCover&#8220; _builder_version=&#8220;4.8.2&#8243; _module_preset=&#8220;default&#8220;][\/et_pb_image][\/et_pb_column][\/et_pb_row][et_pb_row _builder_version=&#8220;4.8.2&#8243; _module_preset=&#8220;default&#8220;][et_pb_column type=&#8220;4_4&#8243; _builder_version=&#8220;4.8.2&#8243; _module_preset=&#8220;default&#8220;][et_pb_text _builder_version=&#8220;4.8.2&#8243; _module_preset=&#8220;default&#8220;] Endstation Nirgendwo \u2013 Eine Kurzgeschichte \u00fcber [&hellip;]<\/p>\n","protected":false},"author":1,"featured_media":0,"parent":0,"menu_order":0,"comment_status":"closed","ping_status":"closed","template":"","meta":{"_acf_changed":false,"_et_pb_use_builder":"on","_et_pb_old_content":"","_et_gb_content_width":"","jetpack_post_was_ever_published":false,"footnotes":""},"class_list":["post-6990","page","type-page","status-publish","hentry"],"acf":[],"jetpack_sharing_enabled":true,"jetpack_shortlink":"https:\/\/wp.me\/P9Ec4h-1OK","_links":{"self":[{"href":"https:\/\/www.doreen-gehrke-verlag.de\/index.php?rest_route=\/wp\/v2\/pages\/6990","targetHints":{"allow":["GET"]}}],"collection":[{"href":"https:\/\/www.doreen-gehrke-verlag.de\/index.php?rest_route=\/wp\/v2\/pages"}],"about":[{"href":"https:\/\/www.doreen-gehrke-verlag.de\/index.php?rest_route=\/wp\/v2\/types\/page"}],"author":[{"embeddable":true,"href":"https:\/\/www.doreen-gehrke-verlag.de\/index.php?rest_route=\/wp\/v2\/users\/1"}],"replies":[{"embeddable":true,"href":"https:\/\/www.doreen-gehrke-verlag.de\/index.php?rest_route=%2Fwp%2Fv2%2Fcomments&post=6990"}],"version-history":[{"count":8,"href":"https:\/\/www.doreen-gehrke-verlag.de\/index.php?rest_route=\/wp\/v2\/pages\/6990\/revisions"}],"predecessor-version":[{"id":7059,"href":"https:\/\/www.doreen-gehrke-verlag.de\/index.php?rest_route=\/wp\/v2\/pages\/6990\/revisions\/7059"}],"wp:attachment":[{"href":"https:\/\/www.doreen-gehrke-verlag.de\/index.php?rest_route=%2Fwp%2Fv2%2Fmedia&parent=6990"}],"curies":[{"name":"wp","href":"https:\/\/api.w.org\/{rel}","templated":true}]}}