{"id":6866,"date":"2026-01-13T08:39:40","date_gmt":"2026-01-13T06:39:40","guid":{"rendered":"https:\/\/www.doreen-gehrke-verlag.de\/?page_id=6866"},"modified":"2026-02-04T10:12:08","modified_gmt":"2026-02-04T08:12:08","slug":"nur-einen-scotch-on-the-rocks","status":"publish","type":"page","link":"https:\/\/www.doreen-gehrke-verlag.de\/?page_id=6866","title":{"rendered":"Nur einen Scotch on the Rocks"},"content":{"rendered":"<p>[et_pb_section fb_built=&#8220;1&#8243; _builder_version=&#8220;4.8.2&#8243; _module_preset=&#8220;default&#8220;][et_pb_row column_structure=&#8220;1_2,1_2&#8243; _builder_version=&#8220;4.8.2&#8243; _module_preset=&#8220;default&#8220;][et_pb_column type=&#8220;1_2&#8243; _builder_version=&#8220;4.8.2&#8243; _module_preset=&#8220;default&#8220;][et_pb_text _builder_version=&#8220;4.8.2&#8243; _module_preset=&#8220;default&#8220; hover_enabled=&#8220;0&#8243; sticky_enabled=&#8220;0&#8243;]<\/p>\n<h4 style=\"text-align: right;\"><strong><\/strong><\/h4>\n<h4 style=\"text-align: right;\"><strong><\/strong><\/h4>\n<h4 style=\"text-align: right;\"><strong><\/strong><\/h4>\n<h4 style=\"text-align: right;\"><strong><\/strong><\/h4>\n<h4 style=\"text-align: right;\"><strong><\/strong><\/h4>\n<h4 style=\"text-align: right;\"><strong><\/strong><\/h4>\n<h4 style=\"text-align: right;\"><strong>Nur einen Scotch on the Rocks<\/strong><\/h4>\n<p style=\"text-align: right;\">Eine Kurzgeschichte<\/p>\n<p style=\"text-align: right;\">EPub 978-3-9827390-0-7<\/p>\n<p style=\"text-align: right;\">Handel via Tolino GmbH<\/p>\n<p style=\"text-align: right;\">z.B. Kaufen bei <strong><a href=\"https:\/\/www.amazon.de\/dp\/B0GGBQJTX9\/\" target=\"_blank\" rel=\"noopener noreferrer\">Amazon<\/a><\/strong><\/p>\n<p style=\"text-align: right;\"><strong><a href=\"https:\/\/www.hugendubel.de\/de\/ebook_epub\/doreen_gehrke-nur_einen_scotch_on_the_rocks-52375754-produkt-details.html\" target=\"_blank\" rel=\"noopener noreferrer\">Hugendubel.de<\/a><\/strong><\/p>\n<p style=\"text-align: right;\"><strong><a href=\"https:\/\/www.thalia.de\/shop\/home\/artikeldetails\/A1077946286\" target=\"_blank\" rel=\"noopener noreferrer\">Thalia.de<\/a><\/strong><\/p>\n<p style=\"text-align: right;\"><strong><\/strong><\/p>\n<p style=\"text-align: right;\"><span style=\"text-decoration: underline;\"><a href=\"https:\/\/www.doreen-gehrke-verlag.de\/?page_id=6961\">Downloadbereich Rezensionsexemplar<\/a><\/span><\/p>\n<p>[\/et_pb_text][\/et_pb_column][et_pb_column type=&#8220;1_2&#8243; _builder_version=&#8220;4.8.2&#8243; _module_preset=&#8220;default&#8220;][et_pb_image src=&#8220;https:\/\/www.doreen-gehrke-verlag.de\/wp-content\/uploads\/2026\/01\/EBookNurEinenScotchOnTheRocks.png&#8220; title_text=&#8220;EBookNurEinenScotchOnTheRocks&#8220; _builder_version=&#8220;4.8.2&#8243; _module_preset=&#8220;default&#8220;][\/et_pb_image][\/et_pb_column][\/et_pb_row][et_pb_row _builder_version=&#8220;4.8.2&#8243; _module_preset=&#8220;default&#8220;][et_pb_column type=&#8220;4_4&#8243; _builder_version=&#8220;4.8.2&#8243; _module_preset=&#8220;default&#8220;][et_pb_text _builder_version=&#8220;4.8.2&#8243; _module_preset=&#8220;default&#8220;]<\/p>\n<h2 data-start=\"236\" data-end=\"314\"><strong data-start=\"239\" data-end=\"314\">Nur einen Scotch On The Rocks \u2013 Eine stille Kurzgeschichte mit Nachhall<\/strong><\/h2>\n<p data-start=\"316\" data-end=\"428\">Ein Mann. Ein Drink. Eine Bar.<br data-start=\"346\" data-end=\"349\" \/> Mehr braucht es nicht, um eine Geschichte zu erz\u00e4hlen, die unter die Haut geht.<\/p>\n<p data-start=\"430\" data-end=\"807\" style=\"text-align: justify;\"><strong data-start=\"430\" data-end=\"446\">Thomas Barth<\/strong> ist jemand, den man nicht so leicht durchschaut. Cool, gelassen \u2013 ein Pokerface wie aus dem Lehrbuch. Doch an diesem Abend sitzt er allein am Tresen, regungslos, sein Blick auf den Scotch gerichtet. Zwei M\u00e4nner \u2013 der Barkeeper und ein \u00e4lterer Gast \u2013 beobachten ihn, analysieren ihn, spinnen Theorien \u00fcber seine Vergangenheit. Was ist mit diesem Mann geschehen?<\/p>\n<p data-start=\"809\" data-end=\"1071\"><strong data-start=\"809\" data-end=\"861\">Eine stille, psychologisch dichte Kurzgeschichte<\/strong> \u00fcber Vorurteile, Projektionen und die Kunst des Schweigens. Was als beil\u00e4ufige Beobachtung beginnt, entlarvt sich als Spiegel gesellschaftlicher Anma\u00dfung \u2013 und endet mit einem Schlag in die Selbstgewissheit.<\/p>\n<p data-start=\"809\" data-end=\"1071\" style=\"text-align: justify;\"><strong>F\u00fcr wen?<\/strong> F\u00fcr alle, die stille Zwischent\u00f6ne lieben, gern zwischen den Zeilen lesen und sich f\u00fcr menschliche Abgr\u00fcnde, Projektion und Beobachtung interessieren. Diese Kurzgeschichte ist genau das Richtige f\u00fcr Leserinnen und Leser, die psychologische Tiefe sch\u00e4tzen \u2013 und \u00fcberrascht werden wollen, wenn das Offensichtliche pl\u00f6tzlich kippt.<\/p>\n<p data-start=\"809\" data-end=\"1071\" style=\"text-align: justify;\"><strong>Was dieses E-Book besonders macht:\u00a0<\/strong>\u201eNur einen Scotch on the Rocks\u201c ist eine feinf\u00fchlige Momentaufnahme \u00fcber stille Einsamkeit. Mit scharfem Blick und leiser Ironie zeigt die Geschichte, wie schnell wir glauben, andere zu durchschauen \u2013 und wie wenig wir wirklich wissen. Eine Erz\u00e4hlung, die nachhallt, weil sie uns alle betrifft.<\/p>\n<p>[\/et_pb_text][\/et_pb_column][\/et_pb_row][et_pb_row column_structure=&#8220;1_2,1_2&#8243; _builder_version=&#8220;4.8.2&#8243; _module_preset=&#8220;default&#8220; custom_margin=&#8220;35px|auto||auto||&#8220;][et_pb_column type=&#8220;1_2&#8243; _builder_version=&#8220;4.8.2&#8243; _module_preset=&#8220;default&#8220;][et_pb_text _builder_version=&#8220;4.8.2&#8243; _module_preset=&#8220;default&#8220;]<\/p>\n<h1><strong><\/strong><\/h1>\n<p><strong><\/strong><\/p>\n<p><strong><\/strong><\/p>\n<p><strong><\/strong><\/p>\n<p><strong><\/strong><\/p>\n<p><strong><\/strong><\/p>\n<h1><strong><\/strong><\/h1>\n<h1><strong>Cover \/ Back Cover<\/strong><\/h1>\n<p>Die Illustrationen wurden mittels KI (auf Basis meiner vorgegebenen Beschreibungen) erstellt und nach der Erstellung von mir in einem Bildbearbeitungsprogramm \u00fcberarbeitet.<\/p>\n<p><strong><\/strong><\/p>\n<p>[\/et_pb_text][\/et_pb_column][et_pb_column type=&#8220;1_2&#8243; _builder_version=&#8220;4.8.2&#8243; _module_preset=&#8220;default&#8220;][et_pb_image src=&#8220;https:\/\/www.doreen-gehrke-verlag.de\/wp-content\/uploads\/2026\/01\/EBookNurEinenScotchOnTheRocksBackCover.png&#8220; title_text=&#8220;EBookNurEinenScotchOnTheRocksBackCover&#8220; _builder_version=&#8220;4.8.2&#8243; _module_preset=&#8220;default&#8220;][\/et_pb_image][\/et_pb_column][\/et_pb_row][et_pb_row _builder_version=&#8220;4.8.2&#8243; _module_preset=&#8220;default&#8220;][et_pb_column type=&#8220;4_4&#8243; _builder_version=&#8220;4.8.2&#8243; _module_preset=&#8220;default&#8220;][et_pb_button button_url=&#8220;https:\/\/www.doreen-gehrke-verlag.de\/?page_id=2&#8243; button_text=&#8220;Zur\u00fcck&#8220; _builder_version=&#8220;4.8.2&#8243; _module_preset=&#8220;default&#8220; box_shadow_style=&#8220;preset6&#8243;][\/et_pb_button][\/et_pb_column][\/et_pb_row][\/et_pb_section]<\/p>\n","protected":false},"excerpt":{"rendered":"<p>[et_pb_section fb_built=&#8220;1&#8243; _builder_version=&#8220;4.8.2&#8243; _module_preset=&#8220;default&#8220;][et_pb_row column_structure=&#8220;1_2,1_2&#8243; _builder_version=&#8220;4.8.2&#8243; _module_preset=&#8220;default&#8220;][et_pb_column type=&#8220;1_2&#8243; _builder_version=&#8220;4.8.2&#8243; _module_preset=&#8220;default&#8220;][et_pb_text _builder_version=&#8220;4.8.2&#8243; _module_preset=&#8220;default&#8220; hover_enabled=&#8220;0&#8243; sticky_enabled=&#8220;0&#8243;] Nur einen Scotch on the Rocks Eine Kurzgeschichte EPub 978-3-9827390-0-7 Handel via Tolino GmbH z.B. Kaufen bei Amazon Hugendubel.de Thalia.de Downloadbereich Rezensionsexemplar [\/et_pb_text][\/et_pb_column][et_pb_column type=&#8220;1_2&#8243; _builder_version=&#8220;4.8.2&#8243; _module_preset=&#8220;default&#8220;][et_pb_image src=&#8220;https:\/\/www.doreen-gehrke-verlag.de\/wp-content\/uploads\/2026\/01\/EBookNurEinenScotchOnTheRocks.png&#8220; title_text=&#8220;EBookNurEinenScotchOnTheRocks&#8220; _builder_version=&#8220;4.8.2&#8243; _module_preset=&#8220;default&#8220;][\/et_pb_image][\/et_pb_column][\/et_pb_row][et_pb_row _builder_version=&#8220;4.8.2&#8243; _module_preset=&#8220;default&#8220;][et_pb_column type=&#8220;4_4&#8243; _builder_version=&#8220;4.8.2&#8243; _module_preset=&#8220;default&#8220;][et_pb_text _builder_version=&#8220;4.8.2&#8243; _module_preset=&#8220;default&#8220;] Nur einen Scotch On [&hellip;]<\/p>\n","protected":false},"author":1,"featured_media":0,"parent":0,"menu_order":0,"comment_status":"closed","ping_status":"closed","template":"","meta":{"_acf_changed":false,"_et_pb_use_builder":"on","_et_pb_old_content":"","_et_gb_content_width":"","jetpack_post_was_ever_published":false,"footnotes":""},"class_list":["post-6866","page","type-page","status-publish","hentry"],"acf":[],"jetpack_sharing_enabled":true,"jetpack_shortlink":"https:\/\/wp.me\/P9Ec4h-1MK","_links":{"self":[{"href":"https:\/\/www.doreen-gehrke-verlag.de\/index.php?rest_route=\/wp\/v2\/pages\/6866","targetHints":{"allow":["GET"]}}],"collection":[{"href":"https:\/\/www.doreen-gehrke-verlag.de\/index.php?rest_route=\/wp\/v2\/pages"}],"about":[{"href":"https:\/\/www.doreen-gehrke-verlag.de\/index.php?rest_route=\/wp\/v2\/types\/page"}],"author":[{"embeddable":true,"href":"https:\/\/www.doreen-gehrke-verlag.de\/index.php?rest_route=\/wp\/v2\/users\/1"}],"replies":[{"embeddable":true,"href":"https:\/\/www.doreen-gehrke-verlag.de\/index.php?rest_route=%2Fwp%2Fv2%2Fcomments&post=6866"}],"version-history":[{"count":6,"href":"https:\/\/www.doreen-gehrke-verlag.de\/index.php?rest_route=\/wp\/v2\/pages\/6866\/revisions"}],"predecessor-version":[{"id":6968,"href":"https:\/\/www.doreen-gehrke-verlag.de\/index.php?rest_route=\/wp\/v2\/pages\/6866\/revisions\/6968"}],"wp:attachment":[{"href":"https:\/\/www.doreen-gehrke-verlag.de\/index.php?rest_route=%2Fwp%2Fv2%2Fmedia&parent=6866"}],"curies":[{"name":"wp","href":"https:\/\/api.w.org\/{rel}","templated":true}]}}