{"id":6015,"date":"2025-05-26T10:45:00","date_gmt":"2025-05-26T08:45:00","guid":{"rendered":"https:\/\/www.doreen-gehrke-verlag.de\/?page_id=6015"},"modified":"2026-01-13T08:56:55","modified_gmt":"2026-01-13T06:56:55","slug":"nach-mir-kommt-wer","status":"publish","type":"page","link":"https:\/\/www.doreen-gehrke-verlag.de\/?page_id=6015","title":{"rendered":"Nach mir kommt &#8230; wer?"},"content":{"rendered":"<p>[et_pb_section fb_built=&#8220;1&#8243; _builder_version=&#8220;4.8.2&#8243; _module_preset=&#8220;default&#8220;][et_pb_row column_structure=&#8220;1_2,1_2&#8243; _builder_version=&#8220;4.8.2&#8243; _module_preset=&#8220;default&#8220;][et_pb_column type=&#8220;1_2&#8243; _builder_version=&#8220;4.8.2&#8243; _module_preset=&#8220;default&#8220;][et_pb_text _builder_version=&#8220;4.8.2&#8243; _module_preset=&#8220;default&#8220; locked=&#8220;off&#8220;]<\/p>\n<h2 style=\"text-align: right;\"><\/h2>\n<h2 style=\"text-align: right;\"><\/h2>\n<h2 style=\"text-align: right;\"><\/h2>\n<h2 style=\"text-align: right;\"><\/h2>\n<h2 style=\"text-align: right;\"><strong>Nach mir kommt &#8230; wer?<\/strong><\/h2>\n<p style=\"text-align: right;\">Eine Kurzgeschichte<br \/> EPub 978-3-9822748-9-8<\/p>\n<p style=\"text-align: right;\">Handel via Tolino GmbH<\/p>\n<p style=\"text-align: right;\">z.B. Kaufen bei <strong><a href=\"https:\/\/www.hugendubel.de\/de\/search?q=doreen%20gehrke\" target=\"_blank\" rel=\"noopener noreferrer\">Hugendubel.de<\/a><\/strong><\/p>\n<p style=\"text-align: right;\"><a href=\"https:\/\/www.thalia.de\/shop\/home\/artikeldetails\/A1075483196\" target=\"_blank\" rel=\"noopener noreferrer\"><strong>Thalia.de<\/strong><\/a><\/p>\n<p style=\"text-align: right;\"><a href=\"https:\/\/www.amazon.de\/dp\/B0F9VS6K6J\/ref=sr_1_2?__mk_de_DE=%C3%85M%C3%85%C5%BD%C3%95%C3%91&amp;dib=eyJ2IjoiMSJ9.rPEeay0cPqyl8rhiYw87UX_-H8ZLB0jIANto56fVvqws9NV4tLF44KVZUX18485dGBvUfFCvx1tbjWZZ81YW38vi0YOGsc_AIaitTWmZW5KxS7V9c7XvgH5qItcZ8TcOja892cq4noyKxqtFx7NkLCVzOC9xda5zIThipQFEysq4FUp-JWvJ44WdGiCRfFd9Uw9Y1MZo6ns2U0w00bgIPHUG2wJldj0DfaJtd8Pg2XE.8b9zcB1FQGd-xIeKtqntNLRK764Ln6SSHOzFrxe7S3g&amp;dib_tag=se&amp;keywords=doreen+gehrke&amp;qid=1748249042&amp;s=digital-text&amp;sr=1-2\" target=\"_blank\" rel=\"noopener noreferrer\"><strong>Amazon<\/strong><\/a><\/p>\n<p style=\"text-align: right;\"><span style=\"text-decoration: underline;\"><a href=\"https:\/\/www.doreen-gehrke-verlag.de\/?page_id=6362\" target=\"_blank\" rel=\"noopener noreferrer\">Leserunde LovelyBooks Download Bereich (geschlossen)\/ Vielen Dank f\u00fcr die Teilnahme<\/a><\/span><\/p>\n<p style=\"text-align: right;\"><strong><a href=\"https:\/\/www.lovelybooks.de\/autor\/Doreen-Gehrke\/Nach-mir-kommt-wer-19518876383-w\/\" target=\"_blank\" rel=\"noopener noreferrer\">Rezensionen LovelyBooks<\/a><\/strong><\/p>\n<p>[\/et_pb_text][\/et_pb_column][et_pb_column type=&#8220;1_2&#8243; _builder_version=&#8220;4.8.2&#8243; _module_preset=&#8220;default&#8220;][et_pb_image src=&#8220;https:\/\/www.doreen-gehrke-verlag.de\/wp-content\/uploads\/2025\/05\/EBookNachMirKommtWer.jpg&#8220; title_text=&#8220;EBookNachMirKommtWer&#8220; _builder_version=&#8220;4.8.2&#8243; _module_preset=&#8220;default&#8220;][\/et_pb_image][\/et_pb_column][\/et_pb_row][et_pb_row _builder_version=&#8220;4.8.2&#8243; _module_preset=&#8220;default&#8220;][et_pb_column type=&#8220;4_4&#8243; _builder_version=&#8220;4.8.2&#8243; _module_preset=&#8220;default&#8220;][et_pb_text _builder_version=&#8220;4.8.2&#8243; _module_preset=&#8220;default&#8220;]<\/p>\n<h2><strong>Inhaltsbeschreibung<\/strong><\/h2>\n<p>[\/et_pb_text][et_pb_text _builder_version=&#8220;4.8.2&#8243; _module_preset=&#8220;default&#8220;]<\/p>\n<p style=\"text-align: justify;\">Sarah Hellwig ist eine ehrgeizige, kluge junge Frau, die mit gl\u00e4nzenden Referenzen ihren ersten Job in einer angesehenen Firma antritt. Voller Idealismus, Leistungsbereitschaft und dem Wunsch, sich zu beweisen, wirft sie sich mit ganzem Einsatz in die Arbeit \u2013 w\u00e4hrend andere die Pausen genie\u00dfen, erledigt Sarah Aufgaben, die l\u00e4ngst nicht mehr in ihren Zust\u00e4ndigkeitsbereich fallen. Sie will dazugeh\u00f6ren. Ein Teamplayer sein. Ihre fehlende soziale Sicherheit versucht sie durch Perfektion zu kompensieren. Doch in der Welt der offenen B\u00fcrot\u00fcren und geschlossenen Fronten wird Engagement schnell zur Schw\u00e4che. Sarah wird zur Zielscheibe: ignoriert, ausgenutzt, untersch\u00e4tzt. Kleine Sticheleien werden zu offenen Kr\u00e4nkungen, Kollegen zu Gegnern. Als sie beginnt, sich zu wehren, schl\u00e4gt ihr eine neue Welle der Ablehnung entgegen \u2013 subtil, strukturell, systematisch. Und gerade, als sie glaubt, jemanden auf ihrer Seite zu haben, trifft sie der gr\u00f6\u00dfte Verrat. Sarah beginnt zu begreifen: Wenn sie sich retten will, muss sie handeln. Leise, klug \u2013 und konsequent. Aber hat sie die Kraft, sich zu befreien? Und kann man in einem System \u00fcberleben, das l\u00e4ngst gegen einen arbeitet?<\/p>\n<p style=\"text-align: justify;\"><strong>F\u00fcr wen?<\/strong> F\u00fcr Leser, die psychologisch dichte Geschichten sch\u00e4tzen. F\u00fcr Menschen, die die stille Dynamik toxischer Arbeitsumfelder kennen \u2013 oder endlich verstehen wollen. F\u00fcr alle, die beruflich oder emotional schon einmal an ihre Grenzen kamen. Und f\u00fcr jede stille Heldin, die mehr sieht, als sie sagt.<\/p>\n<p style=\"text-align: justify;\"><strong>Was dieses E-Book besonders macht:<\/strong> Diese Geschichte erz\u00e4hlt keine laute Revolte, sondern den stillen, schleichenden Zerfall einer beruflichen Hoffnung \u2013 und den Moment, in dem eine Frau beginnt, sich selbst zur\u00fcckzuerobern. Mit n\u00fcchterner Sprache, pr\u00e4ziser Beobachtung und leiser Spannung entfaltet sich eine Geschichte \u00fcber Anpassung, Widerstand und die Frage: Was bleibt von einem Menschen, wenn die Arbeit alles ist \u2013 und alles zerbricht?<\/p>\n<p>[\/et_pb_text][\/et_pb_column][\/et_pb_row][et_pb_row column_structure=&#8220;1_2,1_2&#8243; _builder_version=&#8220;4.8.2&#8243; _module_preset=&#8220;default&#8220;][et_pb_column type=&#8220;1_2&#8243; _builder_version=&#8220;4.8.2&#8243; _module_preset=&#8220;default&#8220;][et_pb_text _builder_version=&#8220;4.8.2&#8243; _module_preset=&#8220;default&#8220;]<\/p>\n<h2><strong>Cover \/ Back Cover<\/strong><\/h2>\n<p>[\/et_pb_text][et_pb_text _builder_version=&#8220;4.8.2&#8243; _module_preset=&#8220;default&#8220;]Die Illustrationen wurden mittels KI (auf Basis meiner vorgegebenen Beschreibungen) erstellt und nach der Erstellung von mir in einem Bildbearbeitungsprogramm \u00fcberarbeitet.[\/et_pb_text][\/et_pb_column][et_pb_column type=&#8220;1_2&#8243; _builder_version=&#8220;4.8.2&#8243; _module_preset=&#8220;default&#8220;][et_pb_image src=&#8220;https:\/\/www.doreen-gehrke-verlag.de\/wp-content\/uploads\/2025\/05\/EBookNachMirKommtWerBackCover.jpg&#8220; title_text=&#8220;EBookNachMirKommtWerBackCover&#8220; _builder_version=&#8220;4.8.2&#8243; _module_preset=&#8220;default&#8220;][\/et_pb_image][\/et_pb_column][\/et_pb_row][et_pb_row _builder_version=&#8220;4.8.2&#8243; _module_preset=&#8220;default&#8220;][et_pb_column _builder_version=&#8220;4.8.2&#8243; _module_preset=&#8220;default&#8220; type=&#8220;4_4&#8243;][et_pb_button button_text=&#8220;Zur\u00fcck&#8220; _builder_version=&#8220;4.8.2&#8243; _module_preset=&#8220;default&#8220; button_url=&#8220;https:\/\/www.doreen-gehrke-verlag.de\/?page_id=2&#8243; hover_enabled=&#8220;0&#8243; sticky_enabled=&#8220;0&#8243; box_shadow_style=&#8220;preset6&#8243;][\/et_pb_button][\/et_pb_column][\/et_pb_row][\/et_pb_section]<\/p>\n","protected":false},"excerpt":{"rendered":"<p>[et_pb_section fb_built=&#8220;1&#8243; _builder_version=&#8220;4.8.2&#8243; _module_preset=&#8220;default&#8220;][et_pb_row column_structure=&#8220;1_2,1_2&#8243; _builder_version=&#8220;4.8.2&#8243; _module_preset=&#8220;default&#8220;][et_pb_column type=&#8220;1_2&#8243; _builder_version=&#8220;4.8.2&#8243; _module_preset=&#8220;default&#8220;][et_pb_text _builder_version=&#8220;4.8.2&#8243; _module_preset=&#8220;default&#8220; locked=&#8220;off&#8220;] Nach mir kommt &#8230; wer? Eine Kurzgeschichte EPub 978-3-9822748-9-8 Handel via Tolino GmbH z.B. Kaufen bei Hugendubel.de Thalia.de Amazon Leserunde LovelyBooks Download Bereich (geschlossen)\/ Vielen Dank f\u00fcr die Teilnahme Rezensionen LovelyBooks [\/et_pb_text][\/et_pb_column][et_pb_column type=&#8220;1_2&#8243; _builder_version=&#8220;4.8.2&#8243; _module_preset=&#8220;default&#8220;][et_pb_image src=&#8220;https:\/\/www.doreen-gehrke-verlag.de\/wp-content\/uploads\/2025\/05\/EBookNachMirKommtWer.jpg&#8220; title_text=&#8220;EBookNachMirKommtWer&#8220; _builder_version=&#8220;4.8.2&#8243; _module_preset=&#8220;default&#8220;][\/et_pb_image][\/et_pb_column][\/et_pb_row][et_pb_row _builder_version=&#8220;4.8.2&#8243; _module_preset=&#8220;default&#8220;][et_pb_column type=&#8220;4_4&#8243; [&hellip;]<\/p>\n","protected":false},"author":1,"featured_media":0,"parent":0,"menu_order":0,"comment_status":"closed","ping_status":"closed","template":"","meta":{"_acf_changed":false,"_et_pb_use_builder":"on","_et_pb_old_content":"","_et_gb_content_width":"","jetpack_post_was_ever_published":false,"footnotes":""},"class_list":["post-6015","page","type-page","status-publish","hentry"],"acf":[],"jetpack_sharing_enabled":true,"jetpack_shortlink":"https:\/\/wp.me\/P9Ec4h-1z1","_links":{"self":[{"href":"https:\/\/www.doreen-gehrke-verlag.de\/index.php?rest_route=\/wp\/v2\/pages\/6015","targetHints":{"allow":["GET"]}}],"collection":[{"href":"https:\/\/www.doreen-gehrke-verlag.de\/index.php?rest_route=\/wp\/v2\/pages"}],"about":[{"href":"https:\/\/www.doreen-gehrke-verlag.de\/index.php?rest_route=\/wp\/v2\/types\/page"}],"author":[{"embeddable":true,"href":"https:\/\/www.doreen-gehrke-verlag.de\/index.php?rest_route=\/wp\/v2\/users\/1"}],"replies":[{"embeddable":true,"href":"https:\/\/www.doreen-gehrke-verlag.de\/index.php?rest_route=%2Fwp%2Fv2%2Fcomments&post=6015"}],"version-history":[{"count":20,"href":"https:\/\/www.doreen-gehrke-verlag.de\/index.php?rest_route=\/wp\/v2\/pages\/6015\/revisions"}],"predecessor-version":[{"id":6903,"href":"https:\/\/www.doreen-gehrke-verlag.de\/index.php?rest_route=\/wp\/v2\/pages\/6015\/revisions\/6903"}],"wp:attachment":[{"href":"https:\/\/www.doreen-gehrke-verlag.de\/index.php?rest_route=%2Fwp%2Fv2%2Fmedia&parent=6015"}],"curies":[{"name":"wp","href":"https:\/\/api.w.org\/{rel}","templated":true}]}}